6538c1?
416538c2
In base 8, what is 573 - 174040?
-173245
In base 2, what is -1101 - 1010000000101011010001101?
-1010000000101011010011010
In base 3, what is 10011201020 + -1121110?
10010002210
In base 14, what is -2 + 5d7936?
5d7934
In base 6, what is -23 - -10435255?
10435232
In base 8, what is -60652626 + -4?
-60652632
In base 3, what is 2 - -12200200022?
12200200101
In base 2, what is -11 - 111101011101001101111110?
-111101011101001110000001
In base 8, what is 22 + -47641403?
-47641361
In base 15, what is -2c92d + -75d?
-2d18b
In base 12, what is 95 + 170464?
170539
In base 2, what is -100 - 1011110101001101111000001?
-1011110101001101111000101
In base 6, what is -15122 + -11445?
-31011
In base 4, what is -10323011222 + 1?
-10323011221
In base 12, what is -6141 - 79a9?
-11b2a
In base 6, what is 0 + -12450543555?
-12450543555
In base 5, what is 312 - -220433141?
220434003
In base 12, what is -3 + -5679155?
-5679158
In base 15, what is cd930 + -5?
cd92a
In base 10, what is 22923 - -1543?
24466
In base 6, what is 144442 + 1453?
150335
In base 10, what is 268 - 24697?
-24429
In base 10, what is 3 - -10277789?
10277792
In base 5, what is 0 - -441010214?
441010214
In base 3, what is -21111220122212000 + 1?
-21111220122211222
In base 11, what is 494144 - 8?
494137
In base 3, what is -122 + -122012111211212?
-122012111212111
In base 4, what is -331100 - 33133?
-1030233
In base 2, what is 100100010011010111110001 - 111?
100100010011010111101010
In base 9, what is -12652 - -1032?
-11620
In base 8, what is 536455 + 425?
537102
In base 7, what is -2 + -1524403323?
-1524403325
In base 8, what is -13 - -164060327?
164060314
In base 10, what is -4702 + 1269?
-3433
In base 2, what is 100010111010100100 - 10110101010?
100010100011111010
In base 3, what is 0 - 1111022102101001?
-1111022102101001
In base 12, what is -462 - -5bb559?
5bb0b7
In base 3, what is -102211 - -1011020?
201102
In base 7, what is 3 + 21263260?
21263263
In base 7, what is 544323 - -14?
544340
In base 16, what is -1d + e8b2?
e895
In base 7, what is -3403404 + 1161?
-3402213
In base 14, what is 13 - 165450?
-16543b
In base 16, what is e2 - 28ffe?
-28f1c
In base 10, what is 3156469 + 4?
3156473
In base 11, what is 13084a2 - -5?
13084a7
In base 7, what is 363 + -254?
106
In base 9, what is -20854 - 10011?
-30865
In base 15, what is 5 + 440b0?
440b5
In base 16, what is ae5773 - 5?
ae576e
In base 3, what is -1101110001 + 1011002002?
-20100222
In base 13, what is -4c9020 - 4ca?
-4c951a
In base 4, what is -133 - -1220300111?
1220233312
In base 11, what is -5400022 + 0?
-5400022
In base 16, what is -2 - 10f53?
-10f55
In base 5, what is -134424 - -11243?
-123131
In base 14, what is 59c95 + 6a?
59d21
In base 16, what is c - 23d6ed?
-23d6e1
In base 3, what is -1012202212101102 - 10?
-1012202212101112
In base 8, what is 274 - -72453?
72747
In base 3, what is 101 - 102201002200?
-102201002022
In base 2, what is -1010 - -101010010100110010?
101010010100101000
In base 4, what is -122233011100 + 23?
-122233011011
In base 11, what is -45819601 - -4?
-458195a8
In base 8, what is 33 + -1034132?
-1034077
In base 3, what is 2110000020 + -10211?
2102212102
In base 6, what is -1113 + -30411303?
-30412420
In base 12, what is 5 + 2a1314a?
2a13153
In base 6, what is -23 + -1130120?
-1130143
In base 3, what is 11 + 110220222221110?
110220222221121
In base 9, what is -403 + -43417?
-43821
In base 10, what is 813004 - 394?
812610
In base 2, what is -110010101111001101010011110 - 101?
-110010101111001101010100011
In base 12, what is 20 + -28552?
-28532
In base 14, what is -3 + 577c50d?
577c50a
In base 15, what is -1cd3d8d0 - 0?
-1cd3d8d0
In base 11, what is 8971484 - -5a?
8971533
In base 3, what is -1221002211020 - 11?
-1221002211101
In base 9, what is 12048 - -35050?
47108
In base 13, what is 6 + ca66b6?
ca66bc
In base 14, what is 120 - 2a4ac7?
-2a49a7
In base 10, what is 52796 - 96?
52700
In base 8, what is 31350 + 77256?
130626
In base 10, what is 8 - -40430132?
40430140
In base 6, what is 110522210 + -1033?
110521133
In base 16, what is 1e4 + -4fdda?
-4fbf6
In base 15, what is -5 - bb0166?
-bb016b
In base 16, what is -231b5 + -fb?
-232b0
In base 16, what is -9 + 4e092?
4e089
In base 12, what is -5 - -7a2765?
7a2760
In base 4, what is -102333332111211 - 11?
-102333332111222
In base 3, what is -211120102000210000 - 11?
-211120102000210011
In base 10, what is -1392 - 175?
-1567
In base 16, what is -c - -2ba466?
2ba45a
In base 8, what is 3 + -7066461?
-7066456
In base 12, what is 791069 + 0?
791069
In base 13, what is 164a7409 + 3?
164a740c
In base 12, what is 10 + -18484842?
-18484832
In base 9, what is 325343 + 73?
325426
In base 16, what is -2a4 - -17c7?
1523
In base 2, what is 1111001010111010100 - -100001?
1111001010111110101
In base 6, what is -1031431 - 1045?
-1032520
In base 4, what is -222 - -10213311?
10213023
In base 2, what is 1000101110010100 - 100011011110?
1000001010110110
In base 14, what is -11854 + c57?
-109db
In base 5, what is -1004 + -30441234?
-30442243
In base 3, what is -201221 + 22122011001?
22121102010
In base 7, what is -100102 - 234?
-100336
In base 2, what is 1000111110101011 + 1001111101?
1001001000101000
In base 7, what is 65 - -566006?
566104
In base 11, what is -1313 - -14542?
1322a
In base 5, what is -1231 - 24340?
-31121
In base 16, what is -302924 + 5?
-30291f
In base 6, what is -15 - -12423204?
12423145
In base 16, what is 38e + -a13?
-685
In base 15, what is -c52bc5 + -1?
-c52bc6
In base 7, what is 111405453 - 4?
111405446
In base 11, what is 225848 - 24?
225824
In base 15, what is -2 - 2589a9?
-2589ab
In base 2, what is -111100111 + 10110000011101001?
10101111100000010
In base 7, what is -123464 + 3623?
-116541
In base 16, what is -6f3 + -481e?
-4f11
In base 10, what is -1584665 + 0?
-1584665
In base 8, what is -102 + 2511211?
2511107
In base 14, what is -7 + -1b585?
-1b58c
In base 3, what is -1212002120101 - -220?
-1212002112111
In base 10, what is -3245528 - 4?
-3245532
In base 16, what is -742d9 + 7?
-742d2
In base 5, what is 233 + -11422400?
-11422112
In base 13, what is -6c88a9a - 15?
-6c88ab2
In base 6, what is -4142153 - 13421?
-4200014
In base 3, what is 122210001201 - 2020?
122202222111
In base 8, what is -100 - 13257654?
-13257754
In base 11, what is 723 + 2303?
2a26
In base 2, what is 10100101000000001011010 + 11?
10100101000000001011101
In base 12, what is -5279 + 238?
-5041
In base 13, what is -2 - -259c67?
259c65
In base 14, what is 12 - 2c0a050?
-2c0a03c
In base 7, what is 1602545362 + -3?
1602545356
In base 4, what is -322102233 - 33?
-322102332
In base 4, what is -23003322 - 2101?
-23012023
In base 6, what is -35205343 - -13?
-35205330
In base 10, what is -242 + 65875?
65633
In base 12, what is 2b710 - 67?
2b665
In base 11, what is a1a3 + 879?
aa71
In base 15, what is -11c02 + 34?
-11bbd
In base 15, what is -66d - -390e?
3291
In base 6, what is 13115014 - -1?
13115015
In base 7, what is -365611 - -15001?
-350610
In base 8, what is 10 - -3616507?
3616517
In base 13, what is -7961 + -2a5?
-7c36
In base 5, what is 4310112 + -13?
4310044
In base 2, what is -10011110101110110011011001 - -10?
-10011110101110110011010111
In base 13, what is -17249b6c + -5?
-17249b74
In base 5, what is -131323 + -3100401?
-3232224
In base 7, what is -4 - -304424?
304420
In base 6, what is -2320053 - 31?
-2320124
In base 14, what is 2 - -495c38?
495c3a
In base 8, what is -115712527 + 4?
-115712523
In base 14, what is 29 + 15c65?
15c90
In base 9, what is -182763 - 865?
-183738
In base 2, what is -11000011110101010110 + -100111111?
-11000011111010010101
In base 6, what is -1201 + 2053050?
2051445
In base 10, what is -43101 - 1205?
-44306
In base 5, what is -1110340143411 - -2?
-1110340143404
In base 9, what is 743 - -5202?
6045
In base 11, what is 3a8 + -197093?
-196796
In base 15, what is -216 + 1e5933?
1e571c
In base 7, what is -3114404345 - -11?
-3114404334
In base 11, what is -5 + -1430305?
-143030a
In base 3, what is 1111200 + -21112102?
-20000202
In base 16, what is -5 + 217778?
217773
In base 4, what is -102012011 - 310?
-102012321
In base 15, what is -1 - -590e292?
590e291
In base 10, what is -220671 + -44?
-220715
In base 8, what is -1 - 5703663?
-5703664
In base 8, what is -